*b - 23. Let s(u) = -17*j(u) + 6*v(u). Calculate s(8).
6
Let f(a) = -4*a - 2. Let c(t) = 23*t + 11. Let u(m) = 6*c(m) + 34*f(m). Let g(x) = -x + 4. Let p be g(4). Suppose p = w + 3. Give u(w).
-8
Let c(a) be the first derivative of -5*a**2/2 - a - 5. Let g(o) = o - 6. Let j be g(5). Let z(m) = m. Let d(f) = j*c(f) - 4*z(f). Determine d(-5).
-4
Let c = -23 - -26. Let j be (-3 - -1)/((-4)/6). Let r(u) = 3*u**2 - u**c - u**3 - 1 - 3*u + 4 + j*u**3. Determine r(-4).
-1
Suppose 28 = 3*z + z - 2*r, 14 = 3*z - 5*r. Suppose 2*t + z = 4*u, -4*t - 7 - 1 = 0. Let q(f) be the third derivative of f**4/8 - 6*f**2. What is q(u)?
3
Let d(g) = -g - 3. Let z(s) = 3*s + 9. Let w(o) = 7*d(o) + 2*z(o). What is w(3)?
-6
Let b(p) = p**2 - 9*p - 3. Let x(z) = -2*z**2 + 17*z + 6. Let h(g) = -7*b(g) - 4*x(g). Let y = -89 - -59. Let a = y + 35. Give h(a).
-3
Let l = -20 - -23. Let v be 57/6 + 2/(-4). Suppose 2*i - l*x = -6*x + 17, -v = -3*x. Let a(c) = -c + 8. Calculate a(i).
4
Let j be (-1*(4 - 4))/1. Let c(g) = -6*g. Let l(q) = 7*q + 1. Let p(n) = 6*c(n) + 5*l(n). What is p(j)?
5
Let f(k) = 0 + 12 + 2*k - 3. Calculate f(-6).
-3
Suppose 9*w + 30 = 4*w. Let k(i) = 4 + 0*i**3 + 6*i + 0 + 7*i**2 + i**3. Calculate k(w).
4
Let u(f) = -5*f - f + 3*f. Suppose 3*i - 20 = -i. Let a = i + -8. Calculate u(a).
9
Let r(y) = -2*y**3 + 5 - 3 + 0 + y**3. Give r(0).
2
Suppose 5*g - 9 = 1. Let w(i) = -6*i - g + i**2 + 1 + 3. Calculate w(5).
-3
Let t(a) = a**2 - 12*a + 13. Let f be t(11). Let j(v) = 3*v - 2*v**2 + v**3 + v + 4 - 2*v**2 - v**f. Determine j(4).
4
Let a(g) = -5*g**3 - g**2 + 13. Let n(w) = 6*w**3 + w**2 - 14. Let b(d) = 7*a(d) + 6*n(d). Give b(0).
7
Let h(o) be the second derivative of o**4/12 - o**3/2 - 25*o. Let g be (3/9)/((-1)/(-6)). What is h(g)?
-2
Let v(f) = 2*f**2 + f - 2. Let h be v(3). Suppose h = -4*g - 5. Let s(t) = -t - 2. Determine s(g).
4
Let u be 8/(-2)*(-3 - -2). Let i(f) = 3*f**2 - 4*f - 2. Let j(x) = -16*x**2 + 20*x + 9. Let q(r) = 11*i(r) + 2*j(r). Give q(u).
-4
Let g(x) be the first derivative of -x**4/4 + 7*x**3/3 - 9*x**2/2 + 7*x - 7. Calculate g(6).
-11
Let j(r) = r**3 + 3*r**2 - 4*r - 1. Let a(m) = 11*m + 17. Let d = 8 + -14. Let h(o) = -2*o - 3. Let x(w) = d*a(w) - 34*h(w). Let l be x(-2). Calculate j(l).
-1
Let h(i) = -8*i**2 - i - 1. Let v = 39 - 22. Suppose 4*c = -s - v, 2*s - 2*c = -s + 5. What is h(s)?
-8
Suppose -s + 2 = 3*v, 0*s + 4 = -3*v + 2*s. Suppose 5*g = -2*q + 33, 4*g - q - 11 - 5 = v. Let r(w) = w - 4. What is r(g)?
1
Let v(r) = 2*r - 2. Let j be v(1). Let p(z) = z + 22. Give p(j).
22
Let w be ((-2)/6)/((-9)/54). Let a(p) = 6*p**w - 4*p**2 + 4*p - 1 - 1 - 5*p + 2*p**3. Determine a(-2).
-8
Let d(b) = b**3 + 3*b**2 - 2. Suppose 0 = 4*x + 2*t + 3 + 3, -3*t - 9 = 0. Suppose x = -2*j - j - 9. What is d(j)?
-2
Let c(q) = -3*q + 2. Let v(m) = 3*m**3 - 4*m**2 + 2*m + 1. Let a(w) = w**3 - w**2. Let k(p) = 4*a(p) - v(p). Let u be k(2). Determine c(u).
-7
Let h = -10 + 4. Let y(a) = a**2 + 7*a + 5. Determine y(h).
-1
Let d(y) = -y**2 - 6*y - 6. Let x be d(-4). Let v(r) = x*r**2 - 6 - 9*r**3 - r**2 + 11*r**3 - r**3. Let f be (1 + -1)*(-1 + 0). What is v(f)?
-6
Let v(f) = -8 - f - 2*f + 0*f - 3. Give v(-8).
13
Let k(m) = -m - 7. Let s(c) = c**3 + c**2 + 3*c + 3. Suppose 0 = u + 5*h - 23, -h = -3*h + 10. Let b be s(u). Let r be k(b). Let g(l) = l - 4. What is g(r)?
-4
Let o(b) = -3*b**3 + 16*b**2 + 2*b - 9. Let u(m) = m**3 - 5*m**2 - m + 3. Let x(v) = 2*o(v) + 7*u(v). Let z be 44/10 - 12/30. Determine x(z).
7
Let r(d) be the second derivative of d**3/6 + 5*d**2 + 17*d. Give r(0).
10
Suppose 5*x + 0*x = -5*f - 10, 5*f = 3*x + 6. Suppose y + 5*r - 22 = f, -3*r = -5 - 10. Let v(h) = -2*h - 3. Give v(y).
3
Let z be 1/(-3) + 21/9. Let m = -1 + z. Let v = -3 + m. Let c(u) = u**3 - 2*u - 2. What is c(v)?
-6
Suppose -4*m - 12 = -0*m. Let h(a) = -a + 2 + a**3 + 0*a + 3*a**2 + 0*a + 3*a. Give h(m).
-4
Let d(m) = -m - 1. Suppose 3*y - 3*c = -0*c + 3, 4 = -2*y + 4*c. Suppose -4*p + 28 = -4*s, 2*p + 2*s + s = y. Give d(p).
-6
Let f(h) = h - 5. Let n be f(5). Let z(x) be the first derivative of x**2/2 - 5*x - 3. Give z(n).
-5
Let p(v) = v + 1. Let t(n) = -n**2 - 12*n - 20. Let i be t(-9). Suppose 5*x + i = 2. What is p(x)?
0
Let v(c) be the first derivative of c**2 + 0*c + 7/24*c**4 - 1/2*c**3 + 1/120*c**6 - 1/10*c**5 - 1. Let j(r) be the second derivative of v(r). What is j(5)?
7
Let z(i) = -2*i + 5. Suppose 0 = 5*g + 4 - 34. Determine z(g).
-7
Let g(w) = 2*w**2 - w**3 + 4*w**2 + 4 + 0 + 2*w - 7*w. Give g(5).
4
Let i(v) = 10*v + 6. Let x(g) = 3*g + 2. Let z(k) = -5*i(k) + 16*x(k). Give z(-4).
10
Let l(k) = -k**3 + k**2 + k + 2. Suppose -4*t = -n + 12, 5*n - 3*t - 2 - 7 = 0. Calculate l(n).
2
Let r be (-2 - -4)*1 + 2. Let i be -1*r/2 - -2. Let f(t) = -t**2 - 8. Give f(i).
-8
Let o(a) be the second derivative of a**3/2 + 19*a. Give o(-2).
-6
Let t(i) = -i**3 - 5*i**2 - 3*i + 3. Let n(x) = x**3 + 10*x**2 + 10*x + 13. Let q be n(-9). Let s = q - 7. What is t(s)?
-6
Let q(s) = 2*s**2 - 3*s - 2. Let l(j) be the second derivative of j**3/3 + 17*j**2/2 - 3*j. Let b be l(-7). Give q(b).
7
Let y(t) = -6*t + 2. Let p(f) = -f. Let s be p(-2). Determine y(s).
-10
Suppose -k + 5*k = 8. Suppose 0 = 3*l + k*l - 2*c + 6, -4*l + 12 = 4*c. Let t(w) be the third derivative of -w**6/120 + w**4/24 + 2*w**3/3 - w**2. What is t(l)?
4
Let l(h) = h + 0*h - 3 - h**2 - 4 - 3*h**2. Let i be (0 - 1)*(-4 - -1). Let k(r) = -7*r**2 + 3*r - 13. Let g(f) = i*k(f) - 5*l(f). What is g(5)?
-9
Let o = -5 - -7. Let r(z) = z + 10*z**2 - 5*z**2 - o*z + 6*z**2. Determine r(-1).
12
Let x(y) = -y**2 - y. Let h be (1/(-2))/(1/2). Let j(q) = 5*q + 2. Let l be j(h). Calculate x(l).
-6
Let y(l) = 2*l + 5. Let i be (-38)/(-9) - 12/54. Suppose 4*k = 4*v - 32, -i = -2*v + 3*k - 7*k. Give y(v).
17
Let s(y) = -y**3 - 3*y**2 + 2*y + 3. Let d(m) = m**3 + m**2 + 2. Let v be d(0). Let c = 8 - v. Suppose -5*b = -2*x + 9 + c, -4*b + 5*x = 12. Determine s(b).
-3
Suppose 2*j = 5*u + 6, -2*j = 2*j - 12. Suppose 4 = 2*i, 5*b - i = -u*b + 28. Let l(y) = -3 + 0*y - b*y + 3. Calculate l(1).
-6
Let u(m) = m + 6 - 2 + 1. Determine u(-3).
2
Let h(j) = 2*j - 2. Suppose -6 - 4 = 5*c, 2*t + 3*c - 10 = 0. Let q be 28/t - 3/(-2). Suppose 10 = q*l - 0. Determine h(l).
2
Let a = -28 - -42. Let c be a/21 - 26/(-6). Let t(p) = -p**2 + p - 7. Let w(d) = d + 1. Let z(m) = -t(m) - 4*w(m). Determine z(c).
3
Let l(f) = -2*f**3 + 5*f**2 + 3*f - 7. Let t(w) = w**3 - 2*w**2 - w + 4. Let u(r) = 2*l(r) + 5*t(r). Determine u(0).
6
Let s(n) = -7 + 1 - 9*n + 10*n - 1. What is s(6)?
-1
Let l(g) = 5*g**2 + 15. Let o(t) = 5*t**2 - t + 14. Let i(w) = 3*l(w) - 4*o(w). Let q(p) = -4*p**2 + 4*p - 10. Let b(f) = -5*i(f) + 6*q(f). Give b(-4).
-5
Suppose 2*g + 16 = -2*g. Let v be 4/(-6) + g/(-6). Let l(f) = -f**3 + 6. Determine l(v).
6
Let g be (2 - 3)*(4 + 1). Let u(w) = 2 + 2 - 5 - 6 - 7*w**2 - 9*w. Let d(t) = -t**2 - t - 1. Let c(m) = 6*d(m) - u(m). Give c(g).
11
Let d(x) = x**2 - x - 6. Let p be d(0). Let a(v) = -v**2 - 4*v + 8. Calculate a(p).
-4
Suppose -5*o = -4*p - 4, -2*o - 5*p = -4*o + 5. Let g(z) be the second derivative of 3*z - 1/12*z**4 - 9/2*z**2 + 0 - 1/20*z**5 + 1/6*z**3. Determine g(o).
-9
Let t(f) = -f + 8. Let p be t(5). Let v(d) = -2*d**p + 5*d**2 - 2*d**2 - 3*d**3 - 2*d**2 + d. Determine v(-1).
5
Let p(x) = 7*x**2 - 5*x + 5. Let j(m) = -6*m**2 + 4*m - 4. Let s(f) = -6*j(f) - 5*p(f). Determine s(-2).
1
Suppose 2*i = 3*f - 15, 0 = 3*i - 2*f - 2 + 12. Let t(x) = -x**3 - x - 1. Let n(u) = -5*u**3 + u**2 - 7*u - 17. Let a(r) = n(r) - 6*t(r). Give a(i).
-11
Let w(d) = -d + 1. Let c be w(-2). Let j(f) = f**3 - 3*f**2 + 3*f. Determine j(c).
9
Let r(z) = -7 - z + 6*z**2 + 6 - z**3 - 11*z**2 - 2*z. What is r(-5)?
14
Suppose -16 + 4 = -3*u. Let m(t) = t**2 - 5*t - 2. Determine m(u).
-6
Let n(b) be the second derivative of b**5/40 - 2*b**3/3 - b. Let v(a) be the second derivative of n(a). What is v(-1)?
-3
Let t be 161/28 + 2/8. Let q(p) = 1. Let k(r) = -r + 4. Let x(c) = -2*k(c) + 2*q(c). Give x(t).
6
Suppose -10 = 2*y - 4. Let d(r) = -2*r - 2. What is d(y)?
4
Let c(l) = l**2 + 5*l + 2. Let q be c(-6). Let o(d) = -d**2 + 10*d - 12. Let h be o(q). Let a(s) = -2 - 3 - 3*s**2 + h*s**2 - 4*s. What is a(4)?
-5
Let r = 41 - 44. Let u(j) = -9*j - 4. W